ulate the remainder when 4476 is divided by 2039.
398
What is the remainder when 6403 is divided by 28?
19
Calculate the remainder when 4493 is divided by 868.
153
Calculate the remainder when 2470 is divided by 1210.
50
What is the remainder when 39445 is divided by 7889?
0
What is the remainder when 940998 is divided by 31?
24
What is the remainder when 124740 is divided by 6562?
62
Calculate the remainder when 6557 is divided by 47.
24
Calculate the remainder when 9630 is divided by 64.
30
Calculate the remainder when 10282 is divided by 281.
166
Calculate the remainder when 10981 is divided by 70.
61
Calculate the remainder when 16697 is divided by 557.
544
What is the remainder when 174432 is divided by 6229?
20
Calculate the remainder when 6043838 is divided by 32.
30
Calculate the remainder when 1719255 is divided by 11.
10
Calculate the remainder when 47498 is divided by 10.
8
What is the remainder when 11368 is divided by 1136?
8
Calculate the remainder when 24970 is divided by 567.
22
Calculate the remainder when 23238 is divided by 11614.
10
What is the remainder when 5398 is divided by 246?
232
What is the remainder when 5811 is divided by 255?
201
Calculate the remainder when 10660 is divided by 1347.
1231
Calculate the remainder when 18440 is divided by 260.
240
What is the remainder when 170690 is divided by 7754?
102
Calculate the remainder when 31888 is divided by 159.
88
What is the remainder when 23748 is divided by 44?
32
What is the remainder when 21121 is divided by 59?
58
Calculate the remainder when 39040 is divided by 18.
16
Calculate the remainder when 862591 is divided by 196.
191
Calculate the remainder when 78593 is divided by 1173.
2
What is the remainder when 549018 is divided by 21?
15
What is the remainder when 266259 is divided by 83?
78
Calculate the remainder when 428 is divided by 170.
88
What is the remainder when 226586 is divided by 91?
87
What is the remainder when 17195 is divided by 47?
40
Calculate the remainder when 8453 is divided by 51.
38
Calculate the remainder when 167179 is divided by 20.
19
Calculate the remainder when 24449 is divided by 114.
53
Calculate the remainder when 3252 is divided by 3186.
66
What is the remainder when 6899 is divided by 2296?
11
Calculate the remainder when 380 is divided by 23.
12
What is the remainder when 926 is divided by 232?
230
Calculate the remainder when 17854 is divided by 2950.
154
What is the remainder when 14613 is divided by 902?
181
What is the remainder when 140396 is divided by 70198?
0
Calculate the remainder when 313855 is divided by 104610.
25
Calculate the remainder when 742 is divided by 320.
102
Calculate the remainder when 103992 is divided by 14854.
14
Calculate the remainder when 35864 is divided by 7107.
329
What is the remainder when 5940 is divided by 1932?
144
What is the remainder when 678089 is divided by 36?
29
Calculate the remainder when 205395 is divided by 10.
5
What is the remainder when 12512 is divided by 1452?
896
Calculate the remainder when 24298 is divided by 17.
5
Calculate the remainder when 108213 is divided by 88.
61
Calculate the remainder when 1983 is divided by 858.
267
Calculate the remainder when 1957 is divided by 102.
19
What is the remainder when 12140 is divided by 24?
20
What is the remainder when 533364 is divided by 116?
112
Calculate the remainder when 129723 is divided by 25.
23
Calculate the remainder when 19437 is divided by 6397.
246
Calculate the remainder when 15753 is divided by 123.
9
What is the remainder when 15676 is divided by 1045?
1
Calculate the remainder when 318862 is divided by 112.
110
What is the remainder when 2065 is divided by 74?
67
What is the remainder when 25809 is divided by 253?
3
What is the remainder when 22878 is divided by 1751?
115
Calculate the remainder when 86893 is divided by 13.
1
What is the remainder when 1559 is divided by 177?
143
Calculate the remainder when 75292 is divided by 6.
4
Calculate the remainder when 4297 is divided by 20.
17
Calculate the remainder when 9475 is divided by 243.
241
Calculate the remainder when 5853 is divided by 1893.
174
Calculate the remainder when 73573 is divided by 3065.
13
Calculate the remainder when 108898 is divided by 90.
88
Calculate the remainder when 2338 is divided by 181.
166
Calculate the remainder when 4717 is divided by 246.
43
What is the remainder when 2355 is divided by 205?
100
What is the remainder when 262 is divided by 49?
17
Calculate the remainder when 11407 is divided by 305.
122
What is the remainder when 292682 is divided by 85?
27
What is the remainder when 46610 is divided by 34?
30
What is the remainder when 129625 is divided by 43202?
19
Calculate the remainder when 1712687 is divided by 1151.
1150
Calculate the remainder when 42919 is divided by 438.
433
What is the remainder when 7892 is divided by 353?
126
Calculate the remainder when 1737 is divided by 602.
533
What is the remainder when 29766 is divided by 9916?
18
What is the remainder when 28729 is divided by 103?
95
Calculate the remainder when 552683 is divided by 202.
11
Calculate the remainder when 146540 is divided by 171.
164
What is the remainder when 93302 is divided by 218?
216
What is the remainder when 1010727 is divided by 24?
15
Calculate the remainder when 26175 is divided by 8720.
15
What is the remainder when 858841 is divided by 28?
25
What is the remainder when 1250039 is divided by 145?
139
What is the remainder when 315 is divided by 308?
7
Calculate the remainder when 22286 is divided by 30.
26
What is the remainder when 4130 is divided by 902?
522
Calculate the remainder when 9355 is divided by 2327.
47
Calculate the remainder when 832974 is divided by 416479.
16
Calculate the remainder when 64137 is divided by 732.
453
Calculate the remainder when 2109 is divided by 962.
185
What is the remainder when 2556 is divided by 444?
336
What is the remainder when 70290 is divided by 442?
12
What is the remainder when 298079 is divided by 12?
11
Calculate the remainder when 570 is divided by 7.
3
Calculate the remainder when 2015857 is divided by 85.
82
Calculate the remainder when 31488 is divided by 6271.
133
What is the remainder when 6628 is divided by 94?
48
Calculate the remainder when 9793 is divided by 138.
133
What is the remainder when 15694 is divided by 3912?
46
Calculate the remainder when 128385 is divided by 4.
1
What is the remainder when 2953740 is divided by 689?
686
Calculate the remainder when 3718 is divided by 3704.
14
What is the remainder when 3242 is divided by 1554?
134
Calculate the remainder when 5720 is divided by 930.
140
What is the remainder when 3889 is divided by 769?
44
What is the remainder when 4734 is divided by 1510?
204
Calculate the remainder when 17942 is divided by 1498.
1464
What is the remainder when 40191 is divided by 20?
11
Calculate the remainder when 14026 is divided by 1753.
2
What is the remainder when 21266 is divided by 1316?
210
What is the remainder when 48917 is divided by 102?
59
Calculate the remainder when 475738 is divided by 27.
25
What is the remainder when 213158 is divided by 1992?
14
What is the remainder when 232252 is divided by 561?
559
What is the remainder when 158774 is divided by 735?
14
Calculate the remainder when 66135 is divided by 28.
27
Calculate the remainder when 115734 is divided by 103.
65
What is the remainder when 403 is divided by 91?
39
Calculate the remainder when 4441 is divided by 185.
1
Calculate the remainder when 9579 is divided by 67.
65
Calculate the remainder when 968047 is divided by 9.
7
Calculate the remainder when 15626 is divided by 30.
26
Calculate the remainder when 1972 is divided by 475.
72
Calculate the remainder when 4961 is divided by 664.
313
Calculate the remainder when 958 is divided by 671.
287
What is the remainder when 4249 is divided by 3?
1
Calculate the remainder when 51103 is divided by 51088.
15
Calculate the remainder when 30357 is divided by 576.
405
Calculate the remainder when 204632 is divided by 73.
13
Calculate the remainder when 110602 is divided by 2989.
9
Calculate the remainder when 6653 is divided by 370.
363
Calculate the remainder when 2379 is divided by 2363.
16
What is the remainder when 3329 